actor of 7 and t.
7
Suppose -4*o = -0*a - a + 61, 0 = -4*o + 16. Let m(n) = 7 - 2*n + n**2 - 2*n**2 + 7*n. Let q be m(5). What is the greatest common divisor of q and a?
7
Let m be 1 + 0/((-2)/1). Let t be (m/(-1))/(1/(-3)). Suppose 0 = 3*y - t - 3. What is the highest common divisor of y and 10?
2
Let t be 12/((-16)/10 - -2). Suppose 2*g = -5*y + 39, -2*y + 20 = g + 2. Calculate the highest common divisor of t and g.
6
Suppose -2*o + q + 94 = 0, q + 16 = 3*o - 123. Let p be 30 - (2 - (0 - -2)). Calculate the greatest common divisor of o and p.
15
Suppose 0 = 3*w - r - 27, 0*w + 2*r - 26 = -2*w. What is the highest common factor of w and 20?
10
Suppose 8*d = 6*d + 14. What is the highest common factor of 77 and d?
7
Let f = 4 + -2. Let o = 4 - f. Suppose 4*t - 70 = -o*j, -j = 3*j + 5*t - 155. What is the highest common divisor of j and 9?
9
Let z be 4 - ((0 - -4) + -4). Suppose -2*g = -z*b + 16, -8*g + 30 = -3*g + 4*b. What is the highest common factor of 18 and g?
2
Let y(o) = o + 11. Let n be y(-6). Calculate the greatest common divisor of 35 and n.
5
Let h be 3/((-3)/(-7) + 4/(-10)). Calculate the greatest common divisor of h and 15.
15
Let w = 33 + 367. What is the highest common divisor of w and 50?
50
Let u = 1 - 1. Suppose u = -4*z + 51 + 69. Let q be z - 2/(-3)*3. What is the greatest common divisor of q and 4?
4
Let v = 20 - 17. Let h be (-5)/15 + 4/v. Calculate the highest common divisor of 9 and h.
1
Suppose -q + 8*u + 1 = 3*u, u = 5. What is the greatest common divisor of 260 and q?
26
Suppose -2*s = a + 4, 2*s + 5*a - 4 = -0*s. Let c be s/9 + 110/6. Calculate the greatest common divisor of 72 and c.
18
Suppose 0 = 4*q + 4*o - 96, -o - 108 = -5*q - 2*o. Suppose -3*p + q + 54 = 0. Let s = p + 0. Calculate the greatest common factor of s and 275.
25
Suppose 0 = 4*l - 31 - 5. Let p(c) = 12*c - 3. Let n be p(l). Calculate the highest common factor of 21 and n.
21
Let w = 296 + -236. Suppose g - 9 = 15. Calculate the greatest common factor of w and g.
12
Suppose 2*g + 0 - 22 = -3*d, d = -2. Let b(v) = -4*v - 2. Let s be b(4). Let t = s - -32. What is the greatest common divisor of g and t?
14
Let g = -4 - 12. Let d = g - -9. Let f = d + 8. Calculate the highest common factor of 5 and f.
1
Let o be ((-2)/(-3))/(2/(-6)). Let c be -6*(o + 12/9). Suppose 0*m = -c*m + 48. What is the highest common divisor of 12 and m?
12
Suppose 604 = h + 4*h - r, 5*h - 4*r - 601 = 0. Suppose -10*o = -102 - 8. What is the highest common factor of h and o?
11
Suppose o - 12 = i + 19, -4*i - 125 = -3*o. Let g = i + 94. Calculate the highest common factor of 155 and g.
31
Suppose -7*x + 4*x + 6 = 0. What is the highest common divisor of x and 6?
2
Let v(c) = 10*c - 5. Let n be v(5). Let j = 75 - 60. What is the highest common factor of n and j?
15
Let u(r) = -21*r - 14. Let g(s) = 4*s + 3. Let a(l) = 14*g(l) + 3*u(l). Let m be a(-6). Let v = 154 + -49. What is the greatest common divisor of v and m?
21
Suppose 0 = -5*c + 14 - 4. Let s(k) = -2*k**c + 0*k**2 - 3*k - 5*k**3 + 2*k**3. Let b be s(-2). What is the highest common divisor of 33 and b?
11
Let m = 124 - 99. Let l be 4/6 - 823/(-3). Calculate the highest common factor of l and m.
25
Suppose -10 = 2*h + 234. Let t be 6/21 + h/(-14). Calculate the highest common factor of t and 45.
9
Let s(d) = 8*d - 11. Let v be s(9). Suppose 2*p = 15 - v. Let b = 7 - p. What is the highest common divisor of 45 and b?
15
Let y be -12*(-4)/3 + 2. Let i = 395 + -185. Let l = 300 - i. Calculate the highest common divisor of y and l.
18
Let t(h) = h + 315. Let p be t(0). What is the highest common factor of 35 and p?
35
Let i = 14 + 11. Calculate the highest common factor of 225 and i.
25
Suppose 0 = 2*d + 3*w - 17, 5*w - 3*w - 2 = 0. What is the highest common factor of d and 21?
7
Let t(j) = -j**2 + 3*j + 3. Let i be t(6). Let m be (-5)/(i/6) - -28. Calculate the highest common divisor of m and 45.
15
Suppose 0*w + w + 5*b = -25, -w + b = -5. Suppose w*a - a - 3*m = -81, 5*m + 375 = 4*a. What is the highest common factor of a and 36?
18
Suppose 4*w + 134 = 5*d + 9, 48 = 2*d - 2*w. What is the highest common divisor of 87 and d?
29
Let m = -4 - -9. Let n be 1*2 - 56/7. Let g = 26 + n. What is the highest common factor of m and g?
5
Let i be -1 - 54/(-3) - -2. Suppose 4*p = 9 + i. Let k(a) = a - 3. Let v be k(10). What is the highest common factor of p and v?
7
Suppose 4*l = 5*t + 141, 2*t + 33 = l - 0*t. Calculate the greatest common factor of l and 26.
13
Suppose 24 = -2*a + 5*u, 16 = -3*a + 4*u - 13. Let l = 0 - a. Let w = 0 + l. What is the greatest common divisor of w and 1?
1
Let z = -63 - -73. What is the greatest common factor of z and 15?
5
Let l = 23 + -23. Suppose -52 = -l*t - 4*t. What is the highest common factor of 13 and t?
13
Let t(z) = -20*z - 8. Let i be t(-7). Calculate the greatest common divisor of i and 12.
12
Let a be 192*(40/(-12))/(-5). What is the greatest common factor of a and 16?
16
Suppose -3*j + j + 10 = 0. Suppose 2*a - 5 = 5*q + 3, -4*a + 5*q - 4 = 0. Let p = j - a. Calculate the greatest common divisor of 22 and p.
11
Suppose s = -4*w + 25, -2*s - 13 = -3*s - w. Calculate the highest common divisor of s and 15.
3
Let h(w) = w**3 + 5*w**2 - 7*w - 4. Let k be h(-6). Suppose -3*f + 72 = f - 5*m, -3*m - 90 = -5*f. Calculate the greatest common factor of f and k.
2
Suppose x + 231 = 4*x. Let y = x + -53. What is the highest common factor of 36 and y?
12
Suppose -5*t + 4*j = -14, t = 2*t + 3*j + 1. Suppose -4 = 3*p + t. Let k be p/7 - 284/(-14). Calculate the greatest common divisor of k and 100.
20
Let y(c) = c**3 - 11*c**2 + 11*c - 1. Let t be y(10). What is the greatest common factor of t and 1?
1
Suppose -596 = -9*j + 439. Calculate the highest common divisor of 23 and j.
23
Let h(q) = q - 1. Let x(f) = -22*f - 6. Let t(n) = 4*h(n) + x(n). Let v be t(-9). Suppose 13 = 3*g - v. What is the greatest common factor of 22 and g?
11
Suppose 3*y - 18 - 15 = 0. What is the greatest common factor of y and 22?
11
Let s = -145 + 269. Calculate the greatest common factor of s and 31.
31
Let c be (-3 - -2)*1*-33. Let w(a) = 11*a. Let m be w(-6). Let v be ((-2)/6)/(2/m). What is the highest common factor of v and c?
11
Suppose 2*v - 6*d + 1 = -d, -2*v - d + 5 = 0. Let i(t) = t**2 - 5*t - 5. Let w be i(6). Let m = w + v. Calculate the greatest common factor of m and 24.
3
Suppose -a = -4*z + 218, 2*a - a = -2. What is the greatest common factor of z and 6?
6
Suppose 3*q - 4*p = 151, -2*q - 3*p = -48 - 64. Let m = q - 26. Calculate the highest common divisor of m and 18.
9
Let i(x) = 6*x - 4. Let l be i(5). Suppose 4*f - 16 = -80. Let s = 29 + f. What is the greatest common divisor of s and l?
13
Let h be 4/(-10)*25/(-5). Suppose 6*q = h*q - 8. Let w be 30*1*(-9)/q. What is the highest common factor of w and 15?
15
Let r(x) = -x - 1. Let n be r(9). Let s = 19 + n. Calculate the greatest common divisor of s and 9.
9
Suppose -4*q + 48 = 4*z, 3*q + 49 = 4*z - 27. Let g(d) = -37*d + 1. Let o be g(-3). What is the highest common factor of o and z?
16
Let s = -76 + 82. Suppose -2*k - 2 = -2*z - 6*k, -5*k = z + 2. Calculate the greatest common factor of s and z.
3
Let a(y) = -y - 6. Let o be a(8). Let h be (-1 - -4)/(-3)*o. What is the highest common divisor of 2 and h?
2
Let p(c) = -c**2 + 3*c + 9. Let u be p(4). Calculate the greatest common divisor of 1 and u.
1
Let y = -5 + 12. Let i(r) = 1 - 6 + 4 + 16*r - y*r. Let m be i(1). What is the greatest common factor of 12 and m?
4
Let i be (-1)/(-2) + 35/10. Calculate the highest common factor of i and 4.
4
Let g = -147 - -182. What is the greatest common factor of 210 and g?
35
Suppose 7*u - 8*u = -80. What is the greatest common divisor of 40 and u?
40
Let n be ((-4)/10)/(2/(-90)). Let p be 2/9 + (-4)/n. Suppose p = 5*c - 137 - 13. What is the greatest common factor of c and 75?
15
Suppose 0*m - 2*w = m, m = -w + 1. Suppose m*c + 3*n = 11, -4*n + 27 - 7 = 4*c. What is the greatest common factor of c and 4?
4
Suppose 0 = p - 5*d - 88, -91 = -2*p + d + 121. Calculate the highest common divisor of p and 12.
12
Suppose 0 = 6*d + 106 - 388. Suppose -4*z - 4*x + 365 = z, 0 = 3*z + 4*x - 227. Let y = z - d. What is the greatest common divisor of 55 and y?
11
Suppose -